p**2 + 7. Calculate the remainder when q(5) is divided by i.
1
Let s = 57 - 34. Let c = 2 - 14. Calculate the remainder when s is divided by -1*(-2 - -3)*c.
11
Suppose 2*w - 160 = -2*r, 3*w + 0*w = r - 84. What is the remainder when r is divided by 41?
40
Let y(l) = -4*l - 29. What is the remainder when y(-14) is divided by (-144)/(-15) - 8/(-20)?
7
Let l(n) = -3*n**2 + 6*n + 3. Let f be l(-4). What is the remainder when ((-16)/(-24))/((-2)/f) is divided by 8?
7
Let u(i) = -i + 16. Calculate the remainder when 17 is divided by u(6).
7
Suppose c - 5*s = -23 - 2, -10 = -3*c - 2*s. Suppose h - 27 = -c*h. Let q(b) = -b**2 - 7*b - 2. Calculate the remainder when h is divided by q(-4).
7
Let x(o) = o**2 - 9*o + 5. Suppose 0 = -0*r - 3*r + 24. Calculate the remainder when r is divided by x(9).
3
Let b = 20 - 18. Let z(j) = 4*j**3 - 2*j**2 - 3*j + 3. Calculate the remainder when 62 is divided by z(b).
20
Suppose 0 = 2*h + 5*g - 50, 102 = 5*h + 4*g - 3*g. Suppose 2*u + 172 = 3*d, 4*u + 288 = 8*d - 3*d. Calculate the remainder when d is divided by h.
16
Let j(t) = t**3 - 4*t. Let u = 27 - 15. Suppose -4*y + u = 4*o, 0 = -4*o - 2*y + 3 + 19. What is the remainder when j(3) is divided by o?
7
Let o(g) = 5*g - 36. What is the remainder when 128 is divided by o(16)?
40
Let f be 0 - 114/((-12)/4). Suppose -5*p = -3*p - f. Calculate the remainder when 74 is divided by p.
17
Suppose -3*q + c = -121, 0*c = 5*q - 4*c - 211. Suppose 13*v - 14*v + q = 0. Calculate the remainder when v is divided by 21.
18
Let g(n) = 13 + 3*n - 3*n - n + 0*n. What is the remainder when 19 is divided by g(6)?
5
Suppose 2*z + 69 = 7. Let r = -22 - z. Calculate the remainder when -2*(42/(-4) - -2) is divided by r.
8
Let j(s) = s**3 + 3*s**2 - 2*s - 2. Calculate the remainder when 14 is divided by j(-3).
2
Let j(u) = -u**2 - 8*u. Let d = -5 - 0. Suppose 9 = -3*m + 93. What is the remainder when m is divided by j(d)?
13
Let d = 8 + -93. Let w = 148 + d. Calculate the remainder when w is divided by 11.
8
Let g = -4 - -3. Suppose 0 = 7*u - 3*u - 4*h - 24, -u = 5*h + 18. What is the remainder when (15/10)/(g/(-2)) is divided by u?
1
Suppose 2*i + 672 + 3138 = 5*o, -4*o + 3061 = i. What is the remainder when 78 is divided by (-2)/7 + o/28?
24
What is the remainder when 185/(5/1) + 0 is divided by 19?
18
Calculate the remainder when 86 is divided by (-18)/(1 + (-35)/25).
41
Let c = 52 + -24. Calculate the remainder when c is divided by 19.
9
Suppose -2*x + 7*x - 69 = -3*z, 2*x - 18 = 2*z. What is the remainder when 45 is divided by x?
9
Let a = 40 - -28. Let n = -95 + a. Calculate the remainder when -16*(n/6 - -1) is divided by 19.
18
Calculate the remainder when 90 is divided by 30/10 - (-30)/3.
12
Let g be 3/12 + 99/4. Let m = 3 - 1. Suppose m*k - 2 = -d + 4*k, 2*d = -3*k + g. Calculate the remainder when 15 is divided by d.
7
Let x = 43 + -24. Calculate the remainder when 35 is divided by x.
16
Let b = -17 - -179. Calculate the remainder when b is divided by 15.
12
Let n(y) = -y**3 - 8*y**2 - y + 11. Let z(o) = -7 + 3 - o + 3. Let d be z(7). Calculate the remainder when 55 is divided by n(d).
17
Let k(p) = 4*p**2 + p + 2 - 7*p + 0 + p**3 + 1. Calculate the remainder when 23 is divided by k(-5).
7
Calculate the remainder when (4/(-8))/(2*4/(-4304)) is divided by 17.
14
Suppose 13*w - 34 = 135. What is the remainder when w is divided by 6?
1
Suppose 0 = -p - 3, 4*p - 1 = -2*x + 1. Let q be -2 - x*(2 - 3). Suppose 2*b = -3*v + 19, 10*b = 5*b + q*v + 10. What is the remainder when 13 is divided by b?
3
What is the remainder when 2/(-8) + (-1530)/(-40) is divided by 21?
17
Suppose -2*y - 6 = -5*m, 8 = 6*y - 2*y. Let b(w) = w**3 - 9*w**2 + w - 7. Let r be b(9). Suppose m = g - r. What is the remainder when 13 is divided by g?
1
Suppose -4*t = -4*v + 28, 4 = -v - 2*v - 2*t. Suppose 36 = -v*z - 2*y, 2 - 5 = y. Let s = -8 - z. Calculate the remainder when s is divided by 2.
1
Let w be (-2 + 0)/((-2)/5). Suppose -w*g + 20 + 10 = 0. Suppose -3*y + 2 = j, -g*j - 4*y = -j - 10. Calculate the remainder when 5 is divided by j.
1
Let q(w) = w - 3. Let n be q(0). What is the remainder when 15/((-4)/(16/n)) is divided by 7?
6
Let s(y) = -y**3 - 5*y**2 - 2*y - 31. Suppose -3*j + 7 = 1. Calculate the remainder when s(-6) is divided by ((-6)/(-2))/(1/j).
5
Suppose 0 = -2*p - 3*j + 8*j + 145, -45 = -p - 3*j. Suppose -6*m + 97 = -m + 2*d, -m + 25 = -d. What is the remainder when p is divided by m?
18
Let c = -24 - -34. Suppose -h - u + 57 = 0, 2*h = 3*u - 2*u + 117. Suppose -w = w - h. Calculate the remainder when w is divided by c.
9
Let j(p) = -p**2 + 25 + 3*p - 5*p + 3*p. Let w be 2/10 - 3/15. Calculate the remainder when j(w) is divided by 13.
12
Suppose 25*w = 33*w - 80. What is the remainder when w is divided by 3?
1
Let w be (18/(-8))/(7/(-28)). Let d(u) = u**2 - 5*u + 7. Calculate the remainder when d(w) is divided by 11.
10
Calculate the remainder when 3/((-6)/(-136))*(-2)/(-2) is divided by 12.
8
Suppose -g + 0*g - 3*o = -8, -2*o = -5*g + 91. Suppose m + 0*m - 29 = 2*a, 2*m - 58 = -3*a. Let u = m - g. Calculate the remainder when u is divided by 5.
2
Suppose 3*k - 14 = 2*k. Calculate the remainder when k is divided by 8.
6
Let w(i) = i**3 - 7*i**2 + 6*i - 8. Suppose -23 = -3*g - g - u, -5*g = -u - 40. Calculate the remainder when w(g) is divided by 18.
16
Let v be (1 + -3)/(-1) + 3. Suppose -4*h + 263 - 25 = v*n, 0 = 4*n - 5*h - 215. Suppose -4*j = j - n. Calculate the remainder when 17 is divided by j.
7
Suppose -4*r + 7*r = 3*g + 102, -4*g = r - 49. Calculate the remainder when 72 is divided by r.
35
Let z = -7 + 35. Suppose 2*o + 8 = z. Calculate the remainder when 37 is divided by o.
7
Let m(a) = 4*a**2 + 3*a - 7. What is the remainder when m(-5) is divided by (-2)/(-5) + ((-704)/(-40) - -2)?
18
What is the remainder when 1/((-21)/24 - -1) is divided by 6?
2
Let y = 54 - 37. Suppose 2*x + b = -2*x + 128, 0 = -3*x + 5*b + 73. What is the remainder when x is divided by y?
14
Let y = -8 + 12. Suppose -m = 3*m - y. What is the remainder when 1 is divided by m?
0
Let v = 5 + -7. Let k be 7 + -1 + 4/v. Suppose -c = -4*r - 18, k*c - 2*c + 2*r = 56. Calculate the remainder when c is divided by 14.
12
Suppose -4*z + 22 = 5*r, 4 = -4*r - 2*z + 6*z. Let u(p) = p**2 + 7*p + 5. Let d be u(-5). Let o = -3 - d. What is the remainder when r is divided by o?
0
Let b(v) = -v**3 - 2*v**2 + 3. Calculate the remainder when 23 is divided by b(-3).
11
Let i = -6 + 6. Suppose i = 4*k - 4*r - 16, -5*r = k + 1 - 5. Calculate the remainder when 61 is divided by (1 - (-34)/8)*k.
19
Let i(z) = 8*z**2 - 3. Calculate the remainder when 114 is divided by i(2).
27
Let l = -10 + 7. Let i = 1 - l. What is the remainder when 14 is divided by i?
2
Suppose 4*q + 6 = -50. Let f be 4/q - 687/21. Calculate the remainder when (-3 - f) + -3 + -1 is divided by 7.
5
Suppose r - 70 = -r. Let z = 77 - r. What is the remainder when z is divided by 22?
20
Let l(c) = 3*c**2 + 6*c + 2. Calculate the remainder when 6 is divided by l(-2).
0
Suppose 0 = -h + 6*h - 590. Suppose 3*n - 6*n + 12 = 0. Suppose -4*q - 2*d = -h, n*q = -d - 12 + 133. Calculate the remainder when q is divided by 17.
14
Suppose 0 = -3*a + 4*a + 29. Let n be (-1)/4 + 197/4. Let q = a + n. Calculate the remainder when 59 is divided by q.
19
Let r be (8/(-10))/((-6)/30). Suppose r*s + s = 130. Calculate the remainder when s is divided by 9.
8
Suppose 80 = 3*p + 20. Suppose 7*v = 2*v + p. Suppose -76 = -4*f - v*o, 0 = 4*f - 5*o - 24 - 7. Calculate the remainder when 25 is divided by f.
11
Suppose -3*q + 5*o + 5 = 0, -3*q - 3*o - 3 = -48. Calculate the remainder when 16 is divided by q.
6
Suppose 4*r = -3*d + 40, 2*r - 6 = d + d. Suppose -2*w + 4*w - 4 = 0. What is the remainder when r is divided by w?
1
Let y(f) = -3*f + 5. Calculate the remainder when 20*(-3)/(-12)*9 is divided by y(-6).
22
Suppose -9*w - 3 = -10*w. Suppose 4*o - 2*d = 244, -240 = -7*o + 3*o + w*d. Calculate the remainder when o is divided by 16.
15
Let k(c) = -3*c + 4. Suppose 0*v + 13 = v. What is the remainder when k(-7) is divided by v?
12
Let d(x) = -x + 20. What is the remainder when 63 is divided by d(14)?
3
Suppose 0 = 3*r - 7 + 1. Suppose -f + 66 = r*f. Calculate the remainder when f is divided by 12